 = -a. Is a composite?
False
Suppose 5*g - 1554 = 2921. Is g a composite number?
True
Suppose o - 497 = -3*v, 5*o = 3*v - 0 + 2413. Is o composite?
True
Suppose -1061 = -5*r - 4*a + 2*a, 4*r - 3*a - 835 = 0. Is r a composite number?
False
Let q be 1 + 3/(9/15). Suppose -5*f + q - 26 = 0. Let z(d) = 3*d**2 + d + 5. Is z(f) a prime number?
False
Let c(y) = 150*y + 8. Is c(1) a prime number?
False
Let z(v) = -v**3 - 7*v**2 - 6*v - 5. Let s be z(-6). Let c be (-2)/5 + 13/s. Let n(h) = -h. Is n(c) composite?
False
Suppose 0*x + 2*x + 24 = 0. Let t be (-6)/2*15/9. Let o = t - x. Is o a composite number?
False
Let k be 102/(-24) - 2/(-8). Let a be 32/12*(-105)/k. Suppose 2*j - a = -0*j. Is j a composite number?
True
Suppose -5*i + 22 = -4*i. Suppose -181 = -4*g - 3*r, -5*r - i = 5*g - 242. Is g prime?
False
Let t = 369 - 920. Let v = t - -1018. Is v a prime number?
True
Suppose -2*x - 2*w + 0*w = 0, 4*w = 4*x + 24. Let a = x - -5. Suppose 2*u + a*u = 356. Is u prime?
True
Suppose 3*u - c - 489 = 2*u, -u - 5*c = -513. Is u a composite number?
True
Let y(o) = -o**2 - o**3 - 5*o**2 - 13 - 11*o - 6*o**2 + 3*o**2. Is y(-9) a composite number?
True
Is (-1334)/(-14) - (-10)/(-35) composite?
True
Suppose -3*r + 8 = -4, -392 = -4*m - r. Is m prime?
True
Suppose 3*v - 1 = 5*s + 20, -4*v = 4*s + 4. Let l be (3 - v)/(1/(-6)). Is (-38)/l - (-4)/6 prime?
True
Let a(s) = 2*s + 2*s + 38 - 3*s. Let v be a(0). Suppose -2*z + 0*z + v = 0. Is z prime?
True
Suppose t = -0*t - 13. Let v = 19 + t. Is 9/v*2 - -8 prime?
True
Let d(v) = 2*v**2 + 11*v - 5. Is d(8) a composite number?
False
Suppose -3*q = 5*m - 1285, -5*m = -2*q + q - 1285. Is m composite?
False
Let u be 55 + (1 - (-1 + 3)). Suppose -3*f - 19 - 38 = 0. Let h = f + u. Is h a composite number?
True
Let y(v) = 81*v**2 - 6*v + 8. Is y(3) a prime number?
True
Is -3*(2 + -1) + (-11424)/(-6) a composite number?
False
Suppose 8322 = 3*m + 3*m. Is m a composite number?
True
Suppose 0 = -n + 5*n. Suppose 4*w - 3*l = 0, -w - 2*l + 9 + 2 = n. Suppose 0*q - 4*q + 4*t = -136, 2*q - w*t = 67. Is q composite?
True
Let v(l) = -11*l**3 + 2*l**2 + l + 7. Is v(-4) composite?
False
Let j(f) = -10*f. Let n be j(-2). Suppose -n = -3*m - m. Let h(t) = t**3 - 2*t**2 + t + 6. Is h(m) a prime number?
False
Let v(k) = 6*k**3 + 2*k**2 - k - 11. Is v(4) a composite number?
False
Suppose -5*j = -12*j + 1477. Is j prime?
True
Let o be 2/9 - 75/(-27). Suppose o*v = -2*v + 785. Is v composite?
False
Let w be 4/(-6) - 51/(-9). Let c be 123/2 - w/(-10). Let h = c + 161. Is h prime?
True
Let r(o) = -o - 13. Let q(y) = y + 14. Let j(i) = 5*q(i) + 6*r(i). Let d be j(-12). Suppose -2*h = -3*a - a - 78, d*h = -a + 129. Is h composite?
True
Let q(u) = -8*u**2 + 3*u - 2. Let z be q(1). Let d(v) be the first derivative of -v**2 - 4*v + 1. Is d(z) prime?
False
Let p(x) = 2*x**2 + 4*x + 6. Let s be p(10). Suppose 4*g - s = g. Is g composite?
True
Let r(p) = p + 1. Let i be r(2). Let n = 229 - 143. Suppose -n = i*d - 521. Is d a prime number?
False
Let w = -11 - -22. Let l = 8 - w. Is 117 + (1 - 2 - l) composite?
True
Suppose 5*k + 4*a = 389, 0 = 2*k + 2*k - a - 328. Let m = k - 50. Is m a prime number?
True
Suppose 2*o - 276 = 3*c + 1265, 0 = 3*o + 5*c - 2264. Is o composite?
True
Is (-381)/(-2)*(-2)/(-1) composite?
True
Is ((-652)/(-6))/((-10)/(-15)) composite?
False
Suppose 0 = -4*a + 3 + 5. Suppose 3*o - 3*p - 1776 = 0, -3*p - 398 = -a*o + 782. Suppose 0*y = -4*y + o. Is y composite?
False
Let o be (5/2)/5*34. Let j = -10 + o. Is j a prime number?
True
Let n be 1/(2/(-26) + 0). Let b = 0 - n. Is b*(-1 + 2) + -2 a composite number?
False
Let t(f) = -f**2 + 7*f - 4. Let c be t(6). Suppose 3*g - 5*r - 102 = -g, 0 = c*r + 4. Is g a composite number?
False
Let d(s) = -4*s + 1. Suppose 3*v = -2*v - 45. Is d(v) composite?
False
Suppose -837 = -u + 4*c, 5*c = -u + 1011 - 138. Is u a prime number?
True
Let c be -10*(-4)/(-24)*3. Is (-5214)/(-5) - 1/c a prime number?
False
Let y be -2 - (-5)/((-15)/(-18)). Let u be (2 - y) + 408 + -3. Suppose 3*f + 5*q = u, -5*f + 2*q = -57 - 656. Is f a composite number?
True
Let d(h) = -4*h**2 - 8*h - 2. Let y be d(-6). Let q = 429 + y. Is q composite?
False
Suppose -352 = -4*r + 2*d, 4*d - d = -5*r + 451. Is r a composite number?
False
Let j(p) be the first derivative of 7*p**3/3 - p**2 - 2*p - 1. Let t(v) = v + 10. Let x be t(-8). Is j(x) a prime number?
False
Let s(d) = 43*d**2 + 3*d - 53. Is s(9) a composite number?
False
Let g(j) = 22*j**2 + j - 4. Let f = -11 + 17. Let z be g(f). Suppose 5*i - z = -159. Is i prime?
True
Suppose 9*a - 20*a = -13849. Is a a composite number?
False
Let z = -8 + 11. Let l = 2 + -2. Suppose l*f = z*f - 105. Is f composite?
True
Let l(m) = -13*m**3 - m**2 + 5*m + 2. Is l(-3) a prime number?
False
Suppose 0*i + 4*i = 532. Is i composite?
True
Is 2683/4 + (-2)/(-8) a composite number?
True
Suppose -3*w - 5*k = 4, -w + 2 - 4 = 2*k. Let h(u) = u - u**3 + 7*u - w*u + 5 + 5*u**2. Is h(5) a prime number?
False
Let d = 8115 - 5782. Is d a prime number?
True
Let q(m) = 27*m. Let j be q(4). Let z = j + -39. Is z composite?
True
Let d(o) = -o**3 - 8*o**2 - 8*o - 3. Let f be d(-7). Suppose -f*l = 22 + 26. Is (-2 - 9/l)*-8 composite?
True
Let j = -101 + 430. Is j prime?
False
Let a(k) = 3*k + 1. Let r(f) = -f**2 - 6*f + 1. Let q be r(-5). Is a(q) composite?
False
Let v be (-5)/((-10)/(-4)) - -13. Let f = v + -18. Let p = f - -22. Is p prime?
False
Let g(p) = p**3 - 10*p**2 - 5*p - 17. Is g(12) a composite number?
False
Let a(d) = -4*d - 1. Let b be a(-1). Suppose -z = 4, -5*l - 4*z - 20 = -4. Suppose b*r = 2*j + 367, 5*r - j - 518 - 82 = l. Is r prime?
False
Let y(r) = -r**3 + 3. Is y(0) a composite number?
False
Let l = 98 - -294. Let z = l + -171. Is z composite?
True
Let p = 3 + 2. Suppose -2*z = 6, -4*u + p = -0*z + z. Suppose o - 237 = -u*o. Is o a composite number?
False
Let l be ((-8)/6)/((-8)/12). Suppose p - 5*t = -2*t + 367, -3*p = l*t - 1145. Is p a composite number?
False
Suppose 2*w = 4*w. Suppose w = 3*z - z - 506. Let b = 366 - z. Is b a composite number?
False
Suppose -1585 = -4*i - 177. Suppose i = 3*w - 2*y + 11, 4*w + y = 462. Is w a prime number?
False
Let x be 2 + 477 + (5 - 6). Let d = x + -329. Is d a prime number?
True
Let c be -5*1*(4 - 6). Let m = c - 8. Suppose 4*v - 410 = -m*u - 0*v, 0 = -v - 3. Is u a composite number?
False
Let l(z) = -76*z**2 - 12*z + 32. Let d(k) = -25*k**2 - 4*k + 11. Let g(m) = 17*d(m) - 6*l(m). Is g(2) composite?
False
Let v = 2 - 0. Let u be 2 + 0/v + -1. Is (65 - (0 + 0))*u composite?
True
Suppose -5*q = -x + 10, -2*x + 5 = -5*q - 0*x. Is q/(-6)*-1*-62 a composite number?
False
Let q = -1045 + 372. Is 7/((-7)/(-4)) - q composite?
False
Suppose 0 = f - 0*f + 215. Let p be 3/(2 - f/(-106)). Is (-2)/(-5) - p/10 prime?
True
Let i = -6 - 8. Let t = 67 + i. Is t a composite number?
False
Let p(d) = 11*d**2 + 16*d - 4. Is p(-5) prime?
True
Let g = -1 - -4. Let i(b) = -g + 6 + 3 + b. Is i(0) a composite number?
True
Suppose 0*f + 2*f = 46. Suppose -37 = -4*s + f. Suppose 0 = -i - 0*i + 4*b + s, -i - 3 = 5*b. Is i a prime number?
True
Let g(o) = -13*o - 12*o - 10*o + 23 - 20*o**2 + 14*o**3. Let l(n) = 5*n**3 - 7*n**2 - 12*n + 8. Let h(i) = 4*g(i) - 11*l(i). Is h(5) a prime number?
False
Let d(t) = t**2 - 3*t - 6. Let w be d(5). Let g = 72 - 350. Is (g/w)/((-1)/2) a composite number?
False
Let k(n) = -n**3 - 6*n**2 - 7*n - 5. Suppose 0 = 3*z - 31 + 4. Let p = z - 15. Is k(p) composite?
False
Let p be (0 - -1)*0/(-5). Suppose 0 = 3*q - p*q. Suppose 3*z + 4*y - 269 = q, -z - 5*y = -0*z - 86. Is z prime?
False
Suppose 18*t - 19*t - r + 658 = 0, 3*r = -2*t + 1321. Is t a composite number?
False
Let q(m) = -4*m - 2. Let l be q(8). Is 0 - l/(4 - 3) a composite number?
True
Is 1*-26*(-46)/4 composite?
True
Suppose -y + 2*y = 889. Is y a composite number?
True
Suppose 2*k = 2*l + k + 1, -k - 5 = -5*l. Let u(m) = -m + 87*m**2 + 0*m + 233*m**l. Is u(1) a composite number?
True
Suppose -8*t + 6*t = -56. Let w = t + 25. Is w a prime number?
True
Let s(j) = j**2 + 4*j - 1. Let u be s(-7). Let b = u - -359. Is b prime?
True
Let r = 525 + -94. Is r a prime number?
True
Let a = -44 + 76. Suppose -5*s + 2 = a. Let c = s - -21. Is c a composite number?
True
Suppose -u - 35 + 1